-3 + 1 - 2 - (2 + -3)
-3
What is -2 - ((-5 - 0) + (-4 - -1))?
6
(-1 - -6) + -3 + (1 - -1)
4
Evaluate 0 - 2 - -2 - (75 - 67).
-8
(-9 - 6) + 14 + -6
-7
What is 4 + 2 + 1 + (-1 - 2)?
4
-3 + 6 + (-2 - 1)
0
What is (-6 - -2) + (2 - -3) + -1?
0
Calculate -6 + 5 + (1 - -3).
3
What is -3 + 3 + -8 - -14?
6
Evaluate -2 - -4 - (-4 + 6 + -4).
4
Evaluate 0 - (5 + (-3 - 0)) - 3.
-5
Evaluate 9 + -16 - (-7 + 6 + -5).
-1
Calculate (5 - 7) + -1 + 4 + -1.
0
What is (-2 + -5 - -7) + 1 + 0?
1
Evaluate -5 - ((-1 - 2) + (1 - -2)).
-5
Evaluate -28 + 24 + (-1 - -8).
3
What is the value of 96 - 91 - (-1 - 0)?
6
8 + -1 - 8 - (2 + -2)
-1
Evaluate (2 - (0 + 2 - 6)) + -4.
2
What is -1 + 2 - (-3 + (8 - 5))?
1
Calculate -6 + (39 - 37) + 1 + 1.
-2
What is the value of 14 - (-11 - (8 - 26))?
7
What is the value of (-4 - 0) + (17 - (-8 + 29))?
-8
Calculate 1 + -1 + (1 - 3).
-2
What is 5 - ((7 - 4) + 1)?
1
-3 - -4 - (6 + (0 - 3))
-2
Calculate 1 + 0 + (9 - (13 + -3)).
0
Evaluate -18 - (3 - 13) - 1.
-9
(1 + 1 - 0) + -13 + 14
3
What is 11 + -7 - (0 + 5 + -1)?
0
What is the value of 7 + -5 - (-1 - 0 - -2)?
1
What is 8 + -18 + (0 - -4) + -4?
-10
3 + 0 + (-25 - -33)
11
What is -9 + -2 - (61 - 78)?
6
What is 1 + 3 - 0 - (-1 - -5)?
0
(2 - 9) + 5 - 0
-2
What is the value of 4 - (1 + -4) - (4 + -3)?
6
What is -4 + 1 + 1 + 2 + -5?
-5
Evaluate -2 + (7 + -3 - 3).
-1
Calculate (-3 + -3 - 3) + 5 + 11.
7
Evaluate -4 + 1 - (-4 + (-1 - -3)).
-1
What is 7 - (8 + 0 + -5 + 1)?
3
Evaluate 1 - ((3 - 19 - -7) + 4).
6
What is the value of (-4 - -5) + -14 + 7?
-6
3 + (-4 + 4 - (2 + 0))
1
Evaluate (-8 - -21) + -5 + -12.
-4
Evaluate (11 - 9) + -6 + 0.
-4
Evaluate -1 + 2 - (12 + -17) - 0.
6
(-27 - -26) + (9 - -1)
9
Calculate (-9 - -1) + 7 + 1 + -5.
-5
Evaluate -2 + -1 + -1 + 5.
1
What is 9 + -5 + -10 + 11?
5
What is the value of 2 - (1 - (10 + -3) - -3)?
5
Evaluate (-16 - -15) + (-2 - 1) + 1.
-3
Calculate (-9 - (-7 + 7) - -7) + 0.
-2
What is the value of -29 - (-12 + 1) - -11?
-7
What is 2 + (-1 - -3) + -2 - 2?
0
Evaluate (1 - -1) + (3 - 1) - 0.
4
Evaluate 16 + -19 - (1 + -4).
0
What is -2 + (-3 - -1) + 17 + -5?
8
What is -3 + (2 - 5 - (-8 - -7))?
-5
What is the value of -46 - -47 - (-1 + -2)?
4
What is the value of -3 - (7 + -8) - (-2 - 3)?
3
-1 - (5 - -1 - 5)
-2
(1 - (-2 - -2)) + -2
-1
What is the value of -9 + -5 + 13 + (0 - -9)?
8
0 - 2 - -1 - (-17 + 20)
-4
What is -11 + (-6 - -10) + 2?
-5
What is the value of (6 - 7) + (3 - 3) + -3?
-4
2 - (-4 - -6 - (2 - 5))
-3
2 + -2 + 13 + 7 + -13
7
Evaluate -10 + 3 + -1 + 8.
0
What is 0 + (8 + -1 - 2)?
5
Calculate (-16 - -7) + 2 + (-1 - -6).
-2
What is -6 + 3 + 0 + 25 + -27?
-5
Evaluate -9 + 10 + 2 + 1.
4
Evaluate 1 + 4 + 0 + -2 + 2.
5
Evaluate -4 - (9 + -20 - (2 + -7)).
2
Calculate -6 + -1 + 3 + (0 - 0).
-4
Calculate 6 + -4 + (1 - 8).
-5
Calculate 2 - 4 - -8 - 7.
-1
6 - (-8 - -9) - 2
3
What is the value of -11 - -7 - (-15 + (-4 - -5))?
10
Evaluate -13 - -1 - (-27 + 22).
-7
What is the value of (4 - 7) + 5 - 5?
-3
What is the value of 2 - (-1 - 2) - (0 - -4)?
1
Evaluate -5 + 10 - (0 + -1 + -1).
7
What is 1 - 3 - (9 + -8)?
-3
What is 10 - (15 + (-12 - -7))?
0
Evaluate 4 + -5 + -3 - -3.
-1
What is (-1 - -1) + -2 + -1?
-3
(-21 - -5) + (-14 - -21)
-9
Calculate 1 + (-9 - 0 - -5).
-3
What is -3 + 8 + -4 + -4?
-3
(-13 - -1 - -11) + (-1 - -3)
1
Calculate -4 - (9 + -11) - (-3 - 4).
5
Calculate 6 - (-3 + 5 - -7).
-3
Evaluate (-17 - -4 - -11) + 1 + 1.
0
Calculate 2 - (14 - (7 - 0)).
-5
What is the value of (4 + -3 - -2) + (-2 - 1)?
0
Evaluate 0 + -3 - (0 + (2 - 1)).
-4
What is (-5 - (2 + -14)) + -1?
6
Calculate -4 - -6 - -2 - -1.
5
What is the value of -55 + 58 + (0 - 4)?
-1
What is (1 - (1 - -5)) + 5?
0
What is the value of -1 + -3 + 7 + -1?
2
Calculate 5 + (-2 - 4) + 0.
-1
What is the value of 5 + 8 + (-11 - 4) - 0?
-2
Evaluate 3 + -9 - (-5 + -4).
3
What is (-12 - -7) + (4 - (-1 - -3))?
-3
Calculate (-7 - -3) + -2 + 4.
-2
Evaluate 5 + 5 + 3 + -7 - 6.
0
Evaluate -6 - -12 - 8 - (3 - 1).
-4
(-4 + 5 - 0) + (-5 - -2)
-2
What is the value of (2 - (9 - 5)) + -3?
-5
Calculate 6 - (-4 - -6) - -4 - 13.
-5
What is the value of (-2 - 2 - 1) + -27 + 22?
-10
Evaluate 6 + (2 - 6) - (9 - 8).
1
Calculate 6 + 6 + 0 + 0 + -9.
3
1 + (-7 - (2 - 2)) - -13
7
Calculate 1 - (2 + -2) - (2 + -6).
5
What is (4 - 3) + -2 + 1?
0
What is the value of 22 + (-14 - (-11 - -11))?
8
Evaluate 3 + (2 - (2 + 2)) + 0.
1
Evaluate -54 + 54 - (1 + 0).
-1
Evaluate (-8 - 0) + 81 + -78.
-5
What is 6 + 10 + -17 + -2 + 0?
-3
10 + (-5 - -12) + -15 + -4
-2
What is 20 + -14 + -4 + 0 - 4?
-2
Evaluate 1 + (-4 - (2 + (1 - 6))).
0
What is the value of (-6 - -5) + 6 - (5 + -2)?
2
(11 - 16) + 0 + 4
-1
Evaluate 11 - (17 - (7 + 4)).
5
Evaluate -1 - ((4 - 4) + 2 + -2).
-1
-5 + -6 + 8 - -13 - 6
4
Calculate (-3 - (-2 + 9)) + 12.
2
Evaluate 7 + (-4 + 0 - -1).
4
What is the value of -5 - (10 - 19 - -3)?
1
-3 + 1 - (-4 + 1)
1
Evaluate (-5 - -5) + 2 + -7.
-5
Evaluate 8 - ((1 - -4) + -2) - 1.
4
Calculate (-11 - -14) + 1 + 1.
5
What is -14 - (5 - 3 - 10)?
-6
What is the value of 6 - (19 - (1 + 2)) - -6?
-4
What is the value of -6 + (4 - (3 + -1 - 1))?
-3
Evaluate 3 - ((0 - (-1 + -1)) + -4).
5
Calculate (-51 - -40) + (0 - -4) + -3.
-10
What is 15 + -8 - (10 - -1)?
-4
1 + (2 - 8) - -5
0
What is 0 + (-8 - -7) + -1 + 1?
-1
What is the value of (-11 + 9 - -8) + -6?
0
Evaluate -2 + (11 - 4) - 3.
2
What is the value of -2 - (3 - (0 + 0))?
-5
2 + 1 + (6 + -17 - -8)
0
What is the value of 2 + (-10 - 0) + 4?
-4
Calculate 2 + -2 - -4 - 4.
0
What is the value of -1 + 7 + -3 + 0?
3
What is the value of 15 + 0 + -8 + -10?
-3
What is the value of (-6 - -12) + 0 + -5?
1
What is the value of -10 - (10 - 19 - -3)?
-4
Evaluate 5 + (-5 - (1 - 4) - 2).
1
What is -2 - (-13 - (5 + -13)) - 1?
2
3 + (3 + (-6 - -1) - 3)
-2
What is the value of 0 - (5 + 1 - 11)?
5
Evaluate 7 + 13 + -3 + -9.
8
What is the value of -2 - 0 - (14 - 11)?
-5
What is the value of (2 + 2 - 9) + (2 - 1)?
-4
What is the value of 0 + (4 - (9 - 7))?
2
What is the value of -6 + -6 + (-8 - -23)?
3
Calculate -7 - (-18 + (2 - -4) + 8).
-3
Calculate -2 - (1 + -1 + -2) - -5.
5
What is the value of -9 + (8 - -1) + (-2 - -2)?
0
Evaluate (5 - (10 - 4)) + 4 + -7.
-4
-2 - -6 - 2 - 0
2
Calculate -5 - (0 - 1 - (-10 - -9)).
-5
What is the value of -15 + (-17 - -20 - (-1 - 2))?
-9
Calculate -1 - (-5 - -5 - (1 + 0)).
0
Calculate 3 + (-2 - 1) + 2.
2
What is 5 + (8 - 16) + (7 - 3)?
1
What is (-4 - 2) + 4 + 2 - -6?
6
Evaluate -28 + 8 - (15 - 26).
-9
What is 7 + 1 + -12 + 10 + -2?
4
Evaluate -2 + (20 - 10) + -12.
-4
What is the value of 48 + -40 + -15 + 0?
-7
What is 3 - 1 - (8 + -6)?
0
Calculate 1 + 1 + (-2 - (-4 + 0)).
4
What is the value of 3 + -3 - (1 - 7 - -7)?
-1
What is -10 - -6 - (-4 + (0 - -1))?
-1
Evaluate (4 - (4 - 1)) + -4.
-3
What is (3 - 7) + (1 - 3) + 1?
-5
6 + (-3 + -2 + 7 - 6)
2
Calculate (-7 - -7) + -6 + 1.
-5
-8 + 10 - (2 - -5)
-5
Evaluate (-3 - 1) + 2 - 3.
-5
What is the value of 4 - (-7 - -5) - (2 - -5)?
-1
What is -6 - (-3 - -1) - (23 + -18)?
-9
Evaluate (-3 - 0) + -4 + 10.
3
What is 45 + -45 + -5 + 1?
-4
6 + -8 - (7 - 5)
-4
What is the value of 5 + -4 + (4 - -3) + -6?
2
2 - (-5 + -3 + 17)
-7
What is the value of (1 - -4 - 1) + (-110 - -115)?
9
Calculate 1 - 2 - 2 - (3 + -3).
-3
Evaluate -2 - (2 + -9) - (5 - 1).
1
-2 - (1 - (9 + -4))
2
Calculate 6 - 4 - (-3 - (1 + -2)).
4
Calculate (-13 - -19) + (-1 - 1) + 1.
5
Calculate 8 + (-7 - -10 - 9).
2
What is 9 + (-19 - -2) - (-16 - 2)?
10
1 + 6 + (2 - 9)
0
What is 3 + -3 + 0 + (7 - 2)?
5
Evaluate 44 + -52 - ((2 - 1) + -6).
-3
What is the value of -1 - ((0 - (-1 - -4)) + 2)?
0
What is -4 + (16 - (4 - -2))?
6
Evaluate -3 - (-2 + 0 + 1).
-2
What is the value of 0 - (-6 + 6 + -3 + -3)?
6
What is the value of 5 - -1 - (2 + 3 - 1)?
2
What is the value of -11 + 5 - (4 + -4 + 2)?
-8
0 + -6 - (3 + -6)
-3
Calculate -6 - (-6 - -9 - (-2 - -7)).
-4
-4 - (-1 - 8) - 9
-4
Calculate (1 + 5 - 10) + 8.
4
Calculate 1 - (2 - (0 - -2)).
1
(-4 - -2 - 2) + 7 - 0
3
Evaluate 18 + -31 + 12 + 9.
8
Evaluate 1 + -2 + -3 + (-23 - -31).
4
-12 - 5 - -7 - (-1 + -4)
-5
What is -2 + 1 + 5 + -4?
0
(0 - -1) + -11 + 11
1
Calculate -1 + -3 - -5 - 0 - -3.
4
What is the value of 9 + -6 + 2 + -7?
-2
(-2 - -3 - 1) + 3
3
Evaluate -1 + (1 - (4 - 3)).
-1
(1 + -12 - -4) + 2 + 9
4
What is 5 + -